4276.
2, 11, 133279
List the prime factors of 112765.
5, 19, 1187
List the prime factors of 2255914.
2, 1127957
What are the prime factors of 115836?
2, 3, 7, 197
List the prime factors of 1591860.
2, 3, 5, 43, 617
What are the prime factors of 58291?
71, 821
List the prime factors of 2701520.
2, 5, 33769
What are the prime factors of 29005910?
2, 5, 17, 97, 1759
What are the prime factors of 1876733?
1876733
What are the prime factors of 4578760?
2, 5, 113, 1013
What are the prime factors of 25228670?
2, 5, 2522867
List the prime factors of 236584.
2, 29573
List the prime factors of 1651513.
1651513
List the prime factors of 2867687.
307, 9341
What are the prime factors of 367034?
2, 23, 79, 101
What are the prime factors of 632387?
7, 61, 1481
What are the prime factors of 3789959?
181, 20939
What are the prime factors of 310418?
2, 155209
List the prime factors of 1950789.
3, 757, 859
What are the prime factors of 15872344?
2, 1984043
What are the prime factors of 7315940?
2, 5, 365797
What are the prime factors of 2091020?
2, 5, 104551
List the prime factors of 1090507.
11, 99137
What are the prime factors of 16844832?
2, 3, 23, 2543
What are the prime factors of 766165?
5, 31, 4943
What are the prime factors of 967555?
5, 17, 11383
What are the prime factors of 5169301?
5169301
What are the prime factors of 3904156?
2, 976039
What are the prime factors of 239420?
2, 5, 11971
List the prime factors of 928006.
2, 464003
What are the prime factors of 5273718?
2, 3, 878953
List the prime factors of 295739.
433, 683
What are the prime factors of 4331889?
3, 17, 23, 1231
List the prime factors of 3563857.
11, 323987
List the prime factors of 426326.
2, 17, 12539
What are the prime factors of 4729350?
2, 3, 5, 41, 769
What are the prime factors of 570075?
3, 5, 11, 691
List the prime factors of 2762442.
2, 3, 153469
List the prime factors of 959838.
2, 3, 11, 14543
List the prime factors of 1150602.
2, 3, 19, 10093
What are the prime factors of 25875692?
2, 1831, 3533
What are the prime factors of 83034?
2, 3, 7, 659
What are the prime factors of 919389?
3, 306463
What are the prime factors of 2610486?
2, 3, 17, 19, 449
List the prime factors of 894829.
13, 17, 4049
List the prime factors of 10943779.
7, 11, 311, 457
What are the prime factors of 161366?
2, 80683
List the prime factors of 12020338.
2, 11, 37, 14767
What are the prime factors of 4804674?
2, 3, 7, 139, 823
List the prime factors of 428015.
5, 7, 1747
List the prime factors of 236963.
17, 53, 263
What are the prime factors of 2355677?
19, 123983
What are the prime factors of 3495454?
2, 1747727
List the prime factors of 283933.
13, 21841
List the prime factors of 742272.
2, 3, 1933
List the prime factors of 14507149.
839, 17291
What are the prime factors of 117978?
2, 3, 7, 53
List the prime factors of 19941790.
2, 5, 11, 199, 911
List the prime factors of 136736.
2, 4273
What are the prime factors of 406174?
2, 29, 47, 149
What are the prime factors of 771245?
5, 73, 2113
List the prime factors of 45254.
2, 11, 17
List the prime factors of 1070647.
31, 34537
What are the prime factors of 273763?
7, 37, 151
What are the prime factors of 6631261?
7, 13, 72871
List the prime factors of 1208080.
2, 5, 15101
List the prime factors of 217266.
2, 3, 7, 739
What are the prime factors of 43585?
5, 23, 379
List the prime factors of 88065.
3, 5, 19, 103
List the prime factors of 4747228.
2, 1186807
What are the prime factors of 190301?
190301
What are the prime factors of 345480?
2, 3, 5, 2879
List the prime factors of 2656999.
1171, 2269
List the prime factors of 71610.
2, 3, 5, 7, 11, 31
What are the prime factors of 8431256?
2, 31, 33997
What are the prime factors of 737529?
3, 13, 18911
What are the prime factors of 8263925?
5, 330557
What are the prime factors of 346103?
17, 20359
What are the prime factors of 919659?
3, 13, 23581
What are the prime factors of 19056346?
2, 157, 60689
What are the prime factors of 658638?
2, 3, 12197
What are the prime factors of 466592?
2, 7, 2083
What are the prime factors of 559917?
3, 62213
What are the prime factors of 1349329?
89, 15161
List the prime factors of 4418644.
2, 1104661
List the prime factors of 874470.
2, 3, 5, 103, 283
What are the prime factors of 120845?
5, 24169
List the prime factors of 2272194.
2, 3, 126233
List the prime factors of 3329034.
2, 3, 554839
List the prime factors of 2250547.
13, 233, 743
What are the prime factors of 132386?
2, 37, 1789
What are the prime factors of 1091508?
2, 3, 11, 8269
List the prime factors of 2106299.
13, 29, 37, 151
List the prime factors of 39591144.
2, 3, 549877
List the prime factors of 167657.
7, 43, 557
List the prime factors of 10339213.
17, 23, 31, 853
List the prime factors of 1141524.
2, 3, 37, 857
What are the prime factors of 727807?
727807
What are the prime factors of 2329056?
2, 3, 8087
List the prime factors of 7531886.
2, 443, 8501
What are the prime factors of 635041?
11, 57731
What are the prime factors of 82359?
3, 9151
List the prime factors of 6491028.
2, 3, 31, 17449
What are the prime factors of 13561108?
2, 11, 89, 3463
List the prime factors of 303289.
7, 37, 1171
List the prime factors of 28169.
17, 1657
What are the prime factors of 242726?
2, 11, 17, 59
What are the prime factors of 231597?
3, 25733
What are the prime factors of 991812?
2, 3, 82651
List the prime factors of 127128.
2, 3, 5297
List the prime factors of 26577583.
26577583
List the prime factors of 194511.
3, 23, 2819
What are the prime factors of 4893596?
2, 41, 53, 563
List the prime factors of 5702744.
2, 712843
What are the prime factors of 412726?
2, 17, 61, 199
List the prime factors of 16936.
2, 29, 73
What are the prime factors of 9150703?
9150703
List the prime factors of 713738.
2, 356869
List the prime factors of 378927.
3, 71, 593
What are the prime factors of 398980?
2, 5, 19949
List the prime factors of 7053681.
3, 41, 57347
List the prime factors of 707949.
3, 11, 7151
What are the prime factors of 74910?
2, 3, 5, 11, 227
What are the prime factors of 25849?
25849
What are the prime factors of 3374692?
2, 103, 8191
List the prime factors of 3905994.
2, 3, 53, 71, 173
What are the prime factors of 2599903?
19, 193, 709
What are the prime factors of 487236?
2, 3, 19, 2137
What are the prime factors of 1519121?
1519121
List the prime factors of 2476295.
5, 23, 61, 353
What are the prime factors of 308079?
3, 34231
List the prime factors of 2474154.
2, 3, 137453
What are the prime factors of 1470298?
2, 23, 31963
List the prime factors of 5466115.
5, 1093223
What are the prime factors of 4142183?
733, 5651
List the prime factors of 2269157.
11, 23, 8969
What are the prime factors of 49135?
5, 31, 317
List the prime factors of 9016468.
2, 131, 17207
What are the prime factors of 1166155?
5, 233231
List the prime factors of 1309009.
13, 100693
What are the prime factors of 3568451?
3568451
List the prime factors of 19373417.
7, 59, 61, 769
List the prime factors of 76734.
2, 3, 7, 29
What are the prime factors of 635545?
5, 17, 7477
What are the prime factors of 21854140?
2, 5, 7, 11, 23, 617
List the prime factors of 356824.
2, 13, 47, 73
List the prime factors of 1688437.
563, 2999
List the prime factors of 7830924.
2, 3, 652577
List the prime factors of 487343.
47, 10369
List the prime factors of 1359176.
2, 7, 13, 1867
List the prime factors of 1958761.
7, 279823
What are the prime factors of 659345?
5, 17, 7757
What are the prime factors of 3432340?
2, 5, 171617
What are the prime factors of 7966674?
2, 3, 49177
List the prime factors of 8179104.
2, 3, 85199
List the prime factors of 8372315.
5, 7, 43, 5563
List the prime factors of 10704192.
2, 3, 197, 283
What are the prime factors of 3840341?
37, 271, 383
List the prime factors of 15215047.
61, 249427
What are the prime factors of 161232?
2, 3, 3359
List the prime factors of 2036979.
3, 7, 31, 149
What are the prime factors of 237201?
3, 17, 4651
What are the prime factors of 75121?
43, 1747
What are the prime factors of 1720817?
7, 43, 5717
What are the prime factors of 5437291?
5437291
List the prime factors of 14539284.
2, 3, 17, 7919
List the prime factors of 158757.
3, 52919
List the prime factors of 2133217.
2133217
List th